divided by 216?
160
Calculate the remainder when 98297 is divided by 19410.
1247
What is the remainder when 8558962 is divided by 193?
184
Calculate the remainder when 218415 is divided by 899.
857
What is the remainder when 6102844 is divided by 2704?
2620
Calculate the remainder when 2859070 is divided by 357362.
174
Calculate the remainder when 2724842 is divided by 2724832.
10
What is the remainder when 11267918 is divided by 704244?
14
Calculate the remainder when 131676902 is divided by 1068.
1046
Calculate the remainder when 4345638 is divided by 869122.
28
Calculate the remainder when 1043235 is divided by 347740.
15
What is the remainder when 3363302 is divided by 66?
8
Calculate the remainder when 215835 is divided by 30787.
326
Calculate the remainder when 7091 is divided by 66.
29
Calculate the remainder when 147775 is divided by 1508.
1499
What is the remainder when 399461 is divided by 9985?
61
Calculate the remainder when 23523375 is divided by 1756.
1755
What is the remainder when 9637629 is divided by 7425?
7404
What is the remainder when 188352 is divided by 143?
21
Calculate the remainder when 27173 is divided by 13435.
303
What is the remainder when 420785 is divided by 4046?
1
Calculate the remainder when 4415132 is divided by 147.
134
What is the remainder when 26797893 is divided by 195?
18
What is the remainder when 6139476 is divided by 5?
1
What is the remainder when 215040033 is divided by 151?
27
What is the remainder when 475012 is divided by 580?
572
What is the remainder when 98544040 is divided by 3297?
7
What is the remainder when 73324 is divided by 2841?
2299
What is the remainder when 14551 is divided by 2420?
31
What is the remainder when 707478 is divided by 1965?
78
Calculate the remainder when 2865314 is divided by 3780.
74
Calculate the remainder when 1228000 is divided by 153493.
56
Calculate the remainder when 11495 is divided by 78.
29
What is the remainder when 17948279 is divided by 110112?
23
Calculate the remainder when 132772 is divided by 16558.
308
What is the remainder when 152426662 is divided by 1976?
1974
What is the remainder when 236422 is divided by 236392?
30
Calculate the remainder when 4560189 is divided by 137.
7
What is the remainder when 324973 is divided by 17101?
54
Calculate the remainder when 75241809 is divided by 61.
17
Calculate the remainder when 277442 is divided by 1030.
372
What is the remainder when 188279 is divided by 815?
14
Calculate the remainder when 334227897 is divided by 410.
407
Calculate the remainder when 1551439286 is divided by 79.
77
What is the remainder when 71993624 is divided by 1375?
1374
What is the remainder when 5966 is divided by 4494?
1472
Calculate the remainder when 4894928 is divided by 2447461.
6
What is the remainder when 132988440 is divided by 802?
800
Calculate the remainder when 72567 is divided by 36216.
135
Calculate the remainder when 158911 is divided by 19766.
783
What is the remainder when 156398 is divided by 1793?
407
Calculate the remainder when 491303 is divided by 2125.
428
What is the remainder when 9398531 is divided by 156?
155
What is the remainder when 52987692 is divided by 15?
12
Calculate the remainder when 434906 is divided by 4165.
1746
What is the remainder when 8376872 is divided by 1541?
1537
What is the remainder when 14193297 is divided by 270?
207
What is the remainder when 9056017 is divided by 1722?
19
Calculate the remainder when 66352 is divided by 677.
6
Calculate the remainder when 8503771 is divided by 42.
31
What is the remainder when 82702 is divided by 79819?
2883
What is the remainder when 1068822 is divided by 493?
491
Calculate the remainder when 134978 is divided by 864.
194
Calculate the remainder when 52271299 is divided by 4778.
4757
Calculate the remainder when 159431 is divided by 1029.
965
What is the remainder when 78701516 is divided by 4917?
14
What is the remainder when 7796272 is divided by 338968?
8
What is the remainder when 756126 is divided by 125986?
210
Calculate the remainder when 805777 is divided by 672.
49
Calculate the remainder when 403543 is divided by 3281.
3261
Calculate the remainder when 6699464 is divided by 2233130.
74
Calculate the remainder when 6958298 is divided by 1035.
1028
Calculate the remainder when 25042689 is divided by 12216.
12105
Calculate the remainder when 4483731 is divided by 2241864.
3
What is the remainder when 202422 is divided by 1012?
22
What is the remainder when 1417917 is divided by 99?
39
What is the remainder when 4285188 is divided by 608?
4
Calculate the remainder when 7361539 is divided by 371.
157
What is the remainder when 4116829 is divided by 1372194?
247
Calculate the remainder when 46035549 is divided by 1168.
1165
Calculate the remainder when 16890858 is divided by 24730.
268
What is the remainder when 5211563 is divided by 773?
770
Calculate the remainder when 24717448 is divided by 156.
28
What is the remainder when 72615 is divided by 67859?
4756
Calculate the remainder when 10835803 is divided by 4912.
4843
What is the remainder when 831910 is divided by 616?
310
Calculate the remainder when 125729 is divided by 107.
4
Calculate the remainder when 178387 is divided by 2033.
1516
What is the remainder when 232926047 is divided by 14?
11
What is the remainder when 478798858 is divided by 1140?
1138
What is the remainder when 26310525 is divided by 184?
181
Calculate the remainder when 23598396 is divided by 183.
180
Calculate the remainder when 390258 is divided by 195121.
16
Calculate the remainder when 298405 is divided by 26.
3
Calculate the remainder when 1347265 is divided by 74840.
145
Calculate the remainder when 1891296 is divided by 4752.
0
What is the remainder when 164643 is divided by 6730?
3123
Calculate the remainder when 57995 is divided by 3210.
215
Calculate the remainder when 9828 is divided by 2386.
284
What is the remainder when 1600233251 is divided by 1158?
1157
Calculate the remainder when 12588 is divided by 9740.
2848
What is the remainder when 79124402 is divided by 4164442?
4
What is the remainder when 498282 is divided by 9059?
37
What is the remainder when 2172958 is divided by 120?
118
Calculate the remainder when 17705993 is divided by 158089.
25
Calculate the remainder when 13169 is divided by 1143.
596
Calculate the remainder when 1334787 is divided by 1334772.
15
What is the remainder when 28395309 is divided by 751?
750
Calculate the remainder when 13486 is divided by 191.
116
What is the remainder when 21949383 is divided by 2729?
36
What is the remainder when 27600 is divided by 381?
168
Calculate the remainder when 42460712 is divided by 8492118.
122
Calculate the remainder when 6279750 is divided by 558.
18
What is the remainder when 72863 is divided by 3156?
275
Calculate the remainder when 60454 is divided by 30210.
34
What is the remainder when 139011702 is divided by 1706?
1704
What is the remainder when 182167 is divided by 35918?
2577
What is the remainder when 7889856 is divided by 1110?
1086
What is the remainder when 13870625 is divided by 658?
643
Calculate the remainder when 7386348 is divided by 1421.
1411
What is the remainder when 596921 is divided by 317?
10
What is the remainder when 7164 is divided by 690?
264
Calculate the remainder when 130649134 is divided by 8.
6
What is the remainder when 420593 is divided by 7647?
8
Calculate the remainder when 147488327 is divided by 124.
123
What is the remainder when 614765 is divided by 46?
21
What is the remainder when 2971413 is divided by 24?
21
What is the remainder when 16189169 is divided by 5400?
5369
Calculate the remainder when 1336947 is divided by 2845.
2642
Calculate the remainder when 261357 is divided by 2722.
45
Calculate the remainder when 26417482 is divided by 93.
88
Calculate the remainder when 50794522 is divided by 1727.
1725
What is the remainder when 27477902 is divided by 655?
652
Calculate the remainder when 190536 is divided by 5042.
3982
Calculate the remainder when 264771 is divided by 132243.
285
Calculate the remainder when 520675645 is divided by 5223.
5221
What is the remainder when 69952 is divided by 364?
64
Calculate the remainder when 2694729 is divided by 17.
8
Calculate the remainder wh